{"id":250,"date":"2022-05-02T13:42:25","date_gmt":"2022-05-02T11:42:25","guid":{"rendered":"http:\/\/werk-forum.com\/index.php\/booking\/"},"modified":"2025-02-27T06:08:12","modified_gmt":"2025-02-27T05:08:12","slug":"booking","status":"publish","type":"page","link":"http:\/\/werk-forum.com\/index.php\/booking\/","title":{"rendered":"Buchung"},"content":{"rendered":"<p>[salon\/]Kulturkurse st\u00e4rken das Identit\u00e4ts- und Zugeh\u00f6rigkeitsgef\u00fchl der Sch\u00fcler.<\/p>\n","protected":false},"excerpt":{"rendered":"<p>[salon\/]Kulturkurse st\u00e4rken das Identit\u00e4ts- und Zugeh\u00f6rigkeitsgef\u00fchl der Sch\u00fcler.<\/p>\n","protected":false},"author":1,"featured_media":0,"parent":0,"menu_order":0,"comment_status":"closed","ping_status":"closed","template":"","meta":{"footnotes":""},"class_list":["post-250","page","type-page","status-publish","hentry"],"_links":{"self":[{"href":"http:\/\/werk-forum.com\/index.php\/wp-json\/wp\/v2\/pages\/250","targetHints":{"allow":["GET"]}}],"collection":[{"href":"http:\/\/werk-forum.com\/index.php\/wp-json\/wp\/v2\/pages"}],"about":[{"href":"http:\/\/werk-forum.com\/index.php\/wp-json\/wp\/v2\/types\/page"}],"author":[{"embeddable":true,"href":"http:\/\/werk-forum.com\/index.php\/wp-json\/wp\/v2\/users\/1"}],"replies":[{"embeddable":true,"href":"http:\/\/werk-forum.com\/index.php\/wp-json\/wp\/v2\/comments?post=250"}],"version-history":[{"count":3,"href":"http:\/\/werk-forum.com\/index.php\/wp-json\/wp\/v2\/pages\/250\/revisions"}],"predecessor-version":[{"id":848,"href":"http:\/\/werk-forum.com\/index.php\/wp-json\/wp\/v2\/pages\/250\/revisions\/848"}],"wp:attachment":[{"href":"http:\/\/werk-forum.com\/index.php\/wp-json\/wp\/v2\/media?parent=250"}],"curies":[{"name":"wp","href":"https:\/\/api.w.org\/{rel}","templated":true}]}}